alculate -2 + -1 - (0 - (-3 + 9)).
3
What is the value of (-1 - 1) + (-16 - -11)?
-7
Calculate (1 - (-6 - -12)) + 10 + -1.
4
What is -4 + 3 - 3 - (0 - 4)?
0
What is the value of (-2 - -4) + 0 + 19 + -20?
1
(-14 - 2) + 20 - (2 - 0)
2
Calculate (8 + 0 - (-66 + 74)) + 11.
11
Evaluate -5 + 7 + -10 + 12.
4
1 - (-6 - (-9 + 11))
9
What is the value of 0 - ((8 - 15) + 10)?
-3
Evaluate -5 - ((-6 - -1) + (4 - -1)).
-5
Evaluate -1 - (-1 - (-1 - 0) - 2).
1
What is the value of (-8 - (2 - 7) - -2) + 0?
-1
Calculate (-4 - -2) + 4 - 5.
-3
-5 - 0 - (-3 - (-9 + 9))
-2
Evaluate 7 - 0 - (-158 + 156).
9
Evaluate (4 - 2) + 1 - -2.
5
Calculate 11 - (-6 - -1 - (-6 + -3)).
7
Calculate 28 + -28 - (-6 + 1).
5
-2 - (-2 - (3 + 1 - 1))
3
What is -2 + -3 + -1 + (4 - -4)?
2
-1 - ((6 - 1) + -1 + -3)
-2
Evaluate 0 - 2 - (-16 - (-8 - 3)).
3
Calculate -4 - (-3 + (-1 - -5)).
-5
What is the value of -4 - (0 + -1) - 1?
-4
4 + (-7 - -1 - 2) - -1
-3
What is the value of 2 - -1 - 1 - 6 - -5?
1
What is the value of 7 + 0 + 57 + -62?
2
What is -4 - -2 - (-5 - (-5 + -2))?
-4
-1 + 0 - (-6 + (6 - -3))
-4
(-4 - -10) + -11 - (-2 + 0)
-3
Calculate 0 + -3 + (-31 - -35).
1
Calculate (3 + -7 + 0 - -3) + 2.
1
Calculate (3 - (7 + -2)) + 6.
4
What is (-1 - 1) + (3 + -1 - -2)?
2
What is the value of (0 - (-9 - -10)) + (4 - 2)?
1
Calculate 4 + 2 + -3 + 1 - 3.
1
Evaluate -5 + (1 - -2) - (3 + -5).
0
-5 - (-1 + 6 - 10)
0
-2 - 1 - (-6 - (-5 + 2))
0
Calculate 5 + (-16 + 7 - -2).
-2
What is (6 - (3 + 3)) + 5 - 11?
-6
Evaluate 1 + (11 - 8) + (0 - 0).
4
Evaluate -1 - 3 - (-11 - -5) - 5.
-3
What is the value of 4 - (-9 - ((6 - 6) + -6))?
7
Evaluate (1 - 1 - (24 + -21)) + 4.
1
0 - -8 - ((3 - -16) + -13)
2
Evaluate -5 + 0 + 1 + (5 - 0).
1
Evaluate (9 - (-3 - -4)) + -12.
-4
Calculate -9 - (-1 + -2 - (-27 - -30)).
-3
Calculate (0 - -1) + 3 - -2 - 7.
-1
Calculate -5 - ((-3 - 3 - -2) + 1).
-2
(4 - 8 - -8) + -5
-1
Calculate -1 + 3 - (-2 + -2 + 1).
5
What is -5 + (0 - 5 - -15)?
5
9 - ((-7 - -7) + -8 - -7)
10
What is 9 - (5 - (4 + 1 - 5))?
4
Evaluate -5 + 7 + -7 + 10.
5
-6 + (7 - 6) - -2
-3
Calculate 2 - -2 - (-5 + 7).
2
(4 - (5 - -3)) + (3 - -3)
2
Calculate (3 - 13) + -57 + 67.
0
Evaluate (1 + 3 + -2 - 2) + -1.
-1
Evaluate -5 + (1 - -2) + 6.
4
Evaluate 7 - (2 + 5 + 3).
-3
Calculate -21 + 18 + (-1 - 1).
-5
5 + 12 + (6 - 13)
10
What is the value of -2 + 6 + (9 + -1 - 17)?
-5
What is the value of 0 + ((2 - 2) + 1 - 2)?
-1
Calculate (4 - (6 - 8)) + -6.
0
Evaluate -5 + (4 - -10) + -6.
3
What is 0 - (5 + (-5 - (-3 - 0)))?
-3
Calculate 6 + -8 + 3 + 4.
5
-3 + 0 + 8 + -2
3
-3 + 1 + (11 - 15)
-6
3 + -5 + -3 - -8
3
Calculate 42 + -47 + 1 + 6.
2
What is the value of (-8 - (-9 - -9)) + 9?
1
What is the value of (4 + -1 - -2) + 2?
7
Calculate 2 + (0 - -2) - -1.
5
What is the value of 0 + 4 + (116 - 114)?
6
Evaluate -5 - -5 - (13 + -6).
-7
(-47 - -49 - (0 + 1)) + -1
0
What is 11 - (12 + -1) - -3?
3
Evaluate (-3 - -5 - 1) + (1 - -3).
5
What is the value of 24 + -6 - 9 - 3?
6
Calculate (1 - (5 - 4)) + 0 - -1.
1
Calculate 1 - ((-1 - -1) + 2 + -2).
1
Calculate -4 + (-7 - -6) + -1.
-6
What is 1 + 3 + -8 + -1 + 4?
-1
6 - -1 - (3 + (1 - 1))
4
Evaluate -2 - (1 + 4 + -4 + 1).
-4
Evaluate 240 - 234 - (1 - 0 - 4).
9
What is 0 + 3 + (2 - 4) + -5?
-4
Calculate -13 - (11 + -17 + -1).
-6
Calculate -1 + (4 - 11 - -9).
1
Calculate 21 + -28 - (2 - 8).
-1
Evaluate -1 - (0 + (1 + -4 - 0)).
2
4 - 2 - 7 - (-4 + -1)
0
What is the value of 5 + (-3 - -4) - (0 - -1)?
5
Calculate -4 - ((11 - 7) + -12).
4
What is the value of -3 + (-3 - (-1 + 0))?
-5
What is the value of (5 - 0) + (5 - 6) - -1?
5
Evaluate -4 - ((0 - -5) + -10).
1
Calculate (-8 - -4) + 3 + 10 + -4.
5
3 - -1 - (-32 + 42)
-6
-1 - (-5 - (0 + -9))
-5
-4 + (2 - -2) - -3
3
Evaluate 11 + -3 + 6 + -14.
0
Evaluate -13 + 8 - -5 - (-1 + -1).
2
(-5 - (4 + -11)) + (0 - -1)
3
What is 0 - 4 - (14 + -15)?
-3
-18 + 18 + -1 + 1
0
Evaluate 4 + (-11 - -6) + -8.
-9
Calculate -7 - (-9 - -1 - (2 - 3)).
0
What is -4 + 8 + 3 + (-6 - -3)?
4
What is -2 + 9 + (11 + -10 - 3)?
5
What is (4 + -1 - 3) + -4 + 7?
3
Evaluate (5 - 14) + 1 + (7 - 3).
-4
Evaluate -2 + (3 - 1) - (5 - 9).
4
Evaluate -7 + 6 + 7 + -1 + -3.
2
(-24 - -24) + (1 - 2 - 1)
-2
What is (20 + -10 - 2) + -7?
1
What is 36 - 36 - (-7 + -1 - -3)?
5
Calculate 5 - 15 - -5 - -1.
-4
Evaluate (-5 - 1) + (228 - 223).
-1
-2 - 1 - (1 - (-1 - -4))
-1
Calculate -5 - (2 + (-6 - -3)).
-4
What is -13 - (3 + 6 + -18)?
-4
What is the value of (1 - (-15 - -2)) + (21 - 28)?
7
Evaluate 2 + -1 + (-14 - -9).
-4
What is 0 + -6 + (2 - -4)?
0
What is the value of 0 - -7 - (0 + 12)?
-5
Evaluate 4 + -1 + 2 + (-3 - -3).
5
What is 4 + -5 + -40 + 35?
-6
What is the value of -1 + (2 - 6 - -4)?
-1
(-27 - -35 - (1 + -1)) + -15
-7
Evaluate -9 + (1 - -4) + 1.
-3
Evaluate -3 + -6 + 1 + 3.
-5
2 + 0 + -3 - 0 - 3
-4
What is (-5 - -3) + 2 + 1?
1
What is (-4 - -9 - 6) + 3?
2
Evaluate 18 + (-27 - -1) - (-1 - -1).
-8
What is the value of -15 + 7 + 16 - (-3 - -9)?
2
Calculate 0 - (18 + -7 + -9).
-2
What is the value of (0 + 8 - 7) + (1 - 1)?
1
Evaluate -29 + 18 - (-13 - -1).
1
What is the value of -13 + 3 - (-5 + 1) - -2?
-4
What is the value of -3 + 4 + (0 - 0) + 3?
4
-1 + (-9 + 3 - (-1 + 2))
-8
Evaluate -3 + (4 - 1) + (21 - 16).
5
0 + 3 + (-1 - 4) - 0
-2
Calculate -4 - (8 + -3 + -4).
-5
Evaluate 0 + 0 + (12 - 8).
4
What is (0 - -1) + -11 + 7 + 5?
2
What is the value of -1 - -2 - (2 - (0 + -2))?
-3
Evaluate 6 - ((0 - -4) + 3).
-1
Evaluate (-1 - 3) + 6 + (1 - 2).
1
Evaluate -15 + (16 - (-6 + 14)).
-7
What is 2 + -8 + 1 + 2?
-3
(4 - -5) + (-12 - -5)
2
What is -2 + (1 - 10 - -8)?
-3
-5 + 5 + (1 - 2) + -3
-4
What is the value of -6 + -2 + 2 + 0 - -2?
-4
11 + 2 + 12 + -20
5
What is the value of -1 + -3 + (43 - 37)?
2
What is (4 - 2) + -6 + 1?
-3
Evaluate 7 + -4 + -4 + 0.
-1
What is the value of (0 - 1 - (-3 - -9)) + 2?
-5
2 - (6 - (-1 + 4))
-1
Evaluate -2 - ((9 - 5) + -7).
1
What is the value of 9 + -12 - (-4 - 0)?
1
Evaluate -11 + 5 + 0 + 9.
3
What is 18 - (-13 + 20 - -2)?
9
Calculate 4 - ((8 - -4) + (-10 - -5)).
-3
What is -1 - (-4 + 6) - (-6 - -5)?
-2
What is the value of (-3 + -2 - 1) + 0 + 2?
-4
8 - -6 - 10 - -6
10
(-2 - (4 + -3)) + 2
-1
Calculate -13 + (8 - 3) - (1 - 16).
7
What is 3 - (7 + -2 + -5 + 7)?
-4
What is (-1 + -1 - -10) + -10?
-2
11 + (-6 - 10) + 1 + 2
-2
Calculate 16 + -25 - (5 + -19).
5
What is the value of -9 - -10 - (1 - 1)?
1
What is the value of -1 - (-2 + 0 - 2)?
3
4 - (0 - 0 - -4)
0
Calculate -1 + 4 + -1 - (10 - 8).
0
What is 3 + (-1 - (-2 - -2))?
2
What is 1 - (-5 + 4) - (7 + -1)?
-4
What is 0 - -4 - (-11 - -14)?
1
2 + (2 - 3) - -1
2
Evaluate -1 + 1 + -5 + (1 - -4).
0
What is (4 - 0) + 2 + -4?
2
Calculate (-12 - -2) + (18 - 12).
-4
Calculate (-3 + -2 - 4) + 0 + 1.
-8
What is (-1 - 2) + -16 + 15?
-4
4 + -1 + -1 - (11 - 4)
-5
What is -2 + 2 + -6 - -2?
-4
1 - (-10 - -6) - 3
2
Calculate 8 + 1 - (6 - 1).
4
What is the value of -2 + 13 + (0 - 4) - 4?
3
Evaluate 4 - (0 - (-5 - -4)).
3
Evaluate (-16 - -1) + -101 + 106.
-10
What is the value of (5 - 2) + -4 - (-9 + 5)?
3
What is the value of -1 + -3 - (-4 - (-3 - 1))?
-4
Evaluate (-3 - 2 - -4) + 22 + -17.
4
Calculate 2 + (-39 + 40 - (1 - 0)).
2
Evaluate -4 + (-1 - -5 - (6 + -2)).
-4
Evaluate -7 + (2 - 3) + 3.
-5
What is the value of 6 + (-6 - -5) + -5?
0
-10 - -3 - (-8 + -4 + 8)
-3
-1 + (-4 - (2 - 4) - 3)
-6
Calculate -3 - (1 + 4 + -4) - -1.
-3
What is the value of (-6 - (8 + -16)) + -6?
-4
What is 4 + 0 + 1 + -2?
3
What is the value of -4 + -1 - (2 + -9 + -6)?
8
Calculate 6 + -3 + (6 - 7).
2
Evaluate 7 + -3 + (-17 - -8).
-5
What is the value of 10 - 16 - (-3 + 0 + 1)?
-4
(6 - (5 + -1)) + -5
-3
What is (-2 - -4) + (-9 - -10)?
3
What is the value of 1 + -1 + 0 - (-7 + 12)?
-5
Evaluate 2 + -4 + 4 + -4 - -3.
1
Evaluate (-8 - 0) + 0 - (25 - 30).
-3
Calculate 4 + 5 + -8 + -1 + -4.
-4
5 + (5 - 6) + -12 - -4
-4
What is the value of 3 + 7 + -4 + -11?
-5
What is 3 + -1 - (18 + -16 + 4)?
-4
What is the value of 6 + (-5 - -9) - (0 - -4)?
6
What is the value of (4 - 1 - 5 - 1) + 9?
6
Evaluate -2 - (6 + (1 - 12)).
3
Calculate (-4 - -11) + (-1 - (8 - 11)).
9
Calculate 2 + -1 + (-9 - -10).
2
6 + (-9 - (-11 - -6))
2
What is the value of (5 + 6 - (9 - 1)) + -8?
-5
What is the value of -4 + 1 + (-2 - -3)?
-2
What is -1 - (-2 + -3 + 9 + -1)?
-4
(5 - 8) + 